{"id":345,"date":"2026-02-18T09:43:04","date_gmt":"2026-02-18T06:43:04","guid":{"rendered":"https:\/\/sifteri.com.tr\/drecu\/?page_id=345"},"modified":"2026-03-06T09:24:36","modified_gmt":"2026-03-06T06:24:36","slug":"chip-tuning-ecu-tuning","status":"publish","type":"page","link":"https:\/\/sifteri.com.tr\/drecu\/chip-tuning-ecu-tuning\/","title":{"rendered":"Chip Tuning \/ ECU Tuning"},"content":{"rendered":"\n<h2 class=\"wp-block-heading\">DR ECU \u00c7anakkale Chip Tuning Hizmeti<\/h2>\n\n\n\n<h3 class=\"wp-block-heading\">Arac\u0131n\u0131z\u0131n Ger\u00e7ek Performans\u0131n\u0131 Ortaya \u00c7\u0131kar\u0131n<\/h3>\n\n\n\n<p>DR ECU \u00c7anakkale Bayisi olarak, arac\u0131n\u0131z\u0131n motor kontrol \u00fcnitesi (ECU) yaz\u0131l\u0131m\u0131n\u0131 profesyonel \u015fekilde optimize ediyoruz. Chip tuning (ECU tuning) i\u015flemi sayesinde arac\u0131n\u0131z\u0131n fabrika \u00e7\u0131k\u0131\u015f\u0131nda g\u00fcvenlik pay\u0131 ile s\u0131n\u0131rland\u0131r\u0131lm\u0131\u015f performans potansiyelini g\u00fcvenli s\u0131n\u0131rlar i\u00e7inde a\u00e7\u0131\u011fa \u00e7\u0131kar\u0131yoruz.<\/p>\n\n\n\n<p>Yap\u0131lan \u00f6zel yaz\u0131l\u0131m optimizasyonu ile:<\/p>\n\n\n\n<ul class=\"wp-block-list\">\n<li>\u2705 %30\u2019a varan g\u00fc\u00e7 art\u0131\u015f\u0131<\/li>\n\n\n\n<li>\u2705 %20\u2019ye varan yak\u0131t tasarrufu<\/li>\n\n\n\n<li>\u2705 Daha g\u00fc\u00e7l\u00fc tork \u00fcretimi<\/li>\n\n\n\n<li>\u2705 Daha h\u0131zl\u0131 gaz tepkisi<\/li>\n\n\n\n<li>\u2705 Daha keyifli ve ak\u0131c\u0131 s\u00fcr\u00fc\u015f<\/li>\n<\/ul>\n\n\n\n<p>elde edebilirsiniz.<\/p>\n\n\n\n<hr class=\"wp-block-separator has-alpha-channel-opacity\"\/>\n\n\n\n<h2 class=\"wp-block-heading\">Chip Tuning Nedir?<\/h2>\n\n\n\n<p>Chip tuning, arac\u0131n motor y\u00f6netim yaz\u0131l\u0131m\u0131nda bulunan yak\u0131t enjeksiyonu, turbo bas\u0131nc\u0131, ate\u015fleme zamanlamas\u0131 ve tork limit\u00f6rleri gibi parametrelerin profesyonel \u015fekilde yeniden kalibre edilmesidir.<\/p>\n\n\n\n<p>DR ECU \u00c7anakkale olarak her araca \u00f6zel yaz\u0131l\u0131m uyguluyoruz. Haz\u0131r dosya de\u011fil, g\u00fcvenli toleranslar i\u00e7inde optimize edilmi\u015f profesyonel \u00e7\u00f6z\u00fcmler sunuyoruz.<\/p>\n\n\n\n<hr class=\"wp-block-separator has-alpha-channel-opacity\"\/>\n\n\n\n<h2 class=\"wp-block-heading\">Neden DR ECU \u00c7anakkale?<\/h2>\n\n\n\n<ul class=\"wp-block-list\">\n<li>\u2714\ufe0f Ara\u00e7 modeline \u00f6zel yaz\u0131l\u0131m<\/li>\n\n\n\n<li>\u2714\ufe0f Dyno uyumlu ve g\u00fcvenli kalibrasyon<\/li>\n\n\n\n<li>\u2714\ufe0f Motor \u00f6mr\u00fcn\u00fc koruyan g\u00fcvenli limitler<\/li>\n\n\n\n<li>\u2714\ufe0f Orijinal yaz\u0131l\u0131m yedekleme garantisi<\/li>\n\n\n\n<li>\u2714\ufe0f Profesyonel teknik destek<\/li>\n\n\n\n<li>\u2714\ufe0f 5 g\u00fcn iade garantisi (100.000 km alt\u0131 ara\u00e7lar)<\/li>\n<\/ul>\n\n\n\n<p>\u00c7anakkale ve \u00e7evresinde chip tuning hizmeti ar\u0131yorsan\u0131z, performans ve g\u00fcvenli\u011fi birlikte sunan do\u011fru adrestesiniz.<\/p>\n\n\n\n<hr class=\"wp-block-separator has-alpha-channel-opacity\"\/>\n\n\n\n<h2 class=\"wp-block-heading\">Hangi Ara\u00e7lara Uygulan\u0131r?<\/h2>\n\n\n\n<ul class=\"wp-block-list\">\n<li>Benzinli ara\u00e7lar<\/li>\n\n\n\n<li>Dizel ara\u00e7lar<\/li>\n\n\n\n<li>Turbo motorlu ara\u00e7lar<\/li>\n\n\n\n<li>Atmosferik motorlar<\/li>\n<\/ul>\n\n\n\n<p>\u00c7anakkale chip tuning fiyatlar\u0131 ve arac\u0131n\u0131za \u00f6zel performans kazan\u0131m\u0131 i\u00e7in bizimle ileti\u015fime ge\u00e7ebilirsiniz.<\/p>\n","protected":false},"excerpt":{"rendered":"<p>DR ECU \u00c7anakkale Chip Tuning Hizmeti Arac\u0131n\u0131z\u0131n Ger\u00e7ek Performans\u0131n\u0131 Ortaya \u00c7\u0131kar\u0131n DR ECU \u00c7anakkale Bayisi olarak, arac\u0131n\u0131z\u0131n motor kontrol \u00fcnitesi (ECU) yaz\u0131l\u0131m\u0131n\u0131 profesyonel \u015fekilde optimize ediyoruz. Chip tuning (ECU tuning) i\u015flemi sayesinde arac\u0131n\u0131z\u0131n fabrika \u00e7\u0131k\u0131\u015f\u0131nda g\u00fcvenlik pay\u0131 ile s\u0131n\u0131rland\u0131r\u0131lm\u0131\u015f performans potansiyelini g\u00fcvenli s\u0131n\u0131rlar i\u00e7inde a\u00e7\u0131\u011fa \u00e7\u0131kar\u0131yoruz. Yap\u0131lan \u00f6zel yaz\u0131l\u0131m optimizasyonu ile: elde edebilirsiniz. Chip Tuning [&hellip;]<\/p>\n","protected":false},"author":1,"featured_media":0,"parent":0,"menu_order":0,"comment_status":"closed","ping_status":"closed","template":"single-product","meta":{"saved_in_kubio":false,"footnotes":""},"class_list":["post-345","page","type-page","status-publish","hentry"],"kubio_ai_page_context":{"short_desc":"","purpose":"general"},"yoast_head":"<!-- This site is optimized with the Yoast SEO Premium plugin v26.2 (Yoast SEO v27.3) - https:\/\/yoast.com\/product\/yoast-seo-premium-wordpress\/ -->\n<title>DR. ECU | G\u00fc\u00e7 Art\u0131\u015f\u0131 ve Yak\u0131t Tasarrufu<\/title>\n<meta name=\"description\" content=\"Arac\u0131n\u0131zda &#039;a varan g\u00fc\u00e7 art\u0131\u015f\u0131 ve yak\u0131t tasarrufu sa\u011flay\u0131n! Dr. ECU uzmanl\u0131\u011f\u0131yla g\u00fcvenli ve profesyonel ara\u00e7 yaz\u0131l\u0131m\u0131.\" \/>\n<meta name=\"robots\" content=\"index, follow, max-snippet:-1, max-image-preview:large, max-video-preview:-1\" \/>\n<link rel=\"canonical\" href=\"https:\/\/sifteri.com.tr\/drecu\/chip-tuning-ecu-tuning\/\" \/>\n<meta property=\"og:locale\" content=\"tr_TR\" \/>\n<meta property=\"og:type\" content=\"article\" \/>\n<meta property=\"og:title\" content=\"Chip Tuning \/ ECU Tuning\" \/>\n<meta property=\"og:description\" content=\"Arac\u0131n\u0131zda &#039;a varan g\u00fc\u00e7 art\u0131\u015f\u0131 ve yak\u0131t tasarrufu sa\u011flay\u0131n! Dr. ECU uzmanl\u0131\u011f\u0131yla g\u00fcvenli ve profesyonel ara\u00e7 yaz\u0131l\u0131m\u0131.\" \/>\n<meta property=\"og:url\" content=\"https:\/\/sifteri.com.tr\/drecu\/chip-tuning-ecu-tuning\/\" \/>\n<meta property=\"og:site_name\" content=\"DR. ECU\" \/>\n<meta property=\"article:publisher\" content=\"https:\/\/www.facebook.com\/profile.php?id=61560602957463&amp;ref=PROFILE_EDIT_xav_ig_profile_page_web#\" \/>\n<meta property=\"article:modified_time\" content=\"2026-03-06T06:24:36+00:00\" \/>\n<meta name=\"twitter:card\" content=\"summary_large_image\" \/>\n<meta name=\"twitter:label1\" content=\"Tahmini okuma s\u00fcresi\" \/>\n\t<meta name=\"twitter:data1\" content=\"2 dakika\" \/>\n<script type=\"application\/ld+json\" class=\"yoast-schema-graph\">{\"@context\":\"https:\\\/\\\/schema.org\",\"@graph\":[{\"@type\":\"WebPage\",\"@id\":\"https:\\\/\\\/sifteri.com.tr\\\/drecu\\\/chip-tuning-ecu-tuning\\\/\",\"url\":\"https:\\\/\\\/sifteri.com.tr\\\/drecu\\\/chip-tuning-ecu-tuning\\\/\",\"name\":\"DR. ECU | G\u00fc\u00e7 Art\u0131\u015f\u0131 ve Yak\u0131t Tasarrufu\",\"isPartOf\":{\"@id\":\"https:\\\/\\\/sifteri.com.tr\\\/drecu\\\/#website\"},\"datePublished\":\"2026-02-18T06:43:04+00:00\",\"dateModified\":\"2026-03-06T06:24:36+00:00\",\"description\":\"Arac\u0131n\u0131zda 'a varan g\u00fc\u00e7 art\u0131\u015f\u0131 ve yak\u0131t tasarrufu sa\u011flay\u0131n! Dr. ECU uzmanl\u0131\u011f\u0131yla g\u00fcvenli ve profesyonel ara\u00e7 yaz\u0131l\u0131m\u0131.\",\"breadcrumb\":{\"@id\":\"https:\\\/\\\/sifteri.com.tr\\\/drecu\\\/chip-tuning-ecu-tuning\\\/#breadcrumb\"},\"inLanguage\":\"tr\",\"potentialAction\":[{\"@type\":\"ReadAction\",\"target\":[\"https:\\\/\\\/sifteri.com.tr\\\/drecu\\\/chip-tuning-ecu-tuning\\\/\"]}]},{\"@type\":\"BreadcrumbList\",\"@id\":\"https:\\\/\\\/sifteri.com.tr\\\/drecu\\\/chip-tuning-ecu-tuning\\\/#breadcrumb\",\"itemListElement\":[{\"@type\":\"ListItem\",\"position\":1,\"name\":\"Anasayfa\",\"item\":\"https:\\\/\\\/sifteri.com.tr\\\/drecu\\\/\"},{\"@type\":\"ListItem\",\"position\":2,\"name\":\"Chip Tuning \\\/ ECU Tuning\"}]},{\"@type\":\"WebSite\",\"@id\":\"https:\\\/\\\/sifteri.com.tr\\\/drecu\\\/#website\",\"url\":\"https:\\\/\\\/sifteri.com.tr\\\/drecu\\\/\",\"name\":\"DR. ECU\",\"description\":\"T\u00fcrkiyenin en b\u00fcy\u00fck Ecu Yaz\u0131l\u0131m Markas\u0131 \u00c7anakkale&#039;de\",\"publisher\":{\"@id\":\"https:\\\/\\\/sifteri.com.tr\\\/drecu\\\/#organization\"},\"alternateName\":\"DR. ECU \u00c7anakkale\",\"potentialAction\":[{\"@type\":\"SearchAction\",\"target\":{\"@type\":\"EntryPoint\",\"urlTemplate\":\"https:\\\/\\\/sifteri.com.tr\\\/drecu\\\/?s={search_term_string}\"},\"query-input\":{\"@type\":\"PropertyValueSpecification\",\"valueRequired\":true,\"valueName\":\"search_term_string\"}}],\"inLanguage\":\"tr\"},{\"@type\":\"Organization\",\"@id\":\"https:\\\/\\\/sifteri.com.tr\\\/drecu\\\/#organization\",\"name\":\"DR. ECU\",\"url\":\"https:\\\/\\\/sifteri.com.tr\\\/drecu\\\/\",\"logo\":{\"@type\":\"ImageObject\",\"inLanguage\":\"tr\",\"@id\":\"https:\\\/\\\/sifteri.com.tr\\\/drecu\\\/#\\\/schema\\\/logo\\\/image\\\/\",\"url\":\"https:\\\/\\\/sifteri.com.tr\\\/drecu\\\/wp-content\\\/uploads\\\/2026\\\/02\\\/dr-ecu-logo.png\",\"contentUrl\":\"https:\\\/\\\/sifteri.com.tr\\\/drecu\\\/wp-content\\\/uploads\\\/2026\\\/02\\\/dr-ecu-logo.png\",\"width\":1603,\"height\":222,\"caption\":\"DR. ECU\"},\"image\":{\"@id\":\"https:\\\/\\\/sifteri.com.tr\\\/drecu\\\/#\\\/schema\\\/logo\\\/image\\\/\"},\"sameAs\":[\"https:\\\/\\\/www.facebook.com\\\/profile.php?id=61560602957463&ref=PROFILE_EDIT_xav_ig_profile_page_web#\",\"https:\\\/\\\/www.instagram.com\\\/dr.ecucanakkale\\\/\"]}]}<\/script>\n<!-- \/ Yoast SEO Premium plugin. -->","yoast_head_json":{"title":"DR. ECU | G\u00fc\u00e7 Art\u0131\u015f\u0131 ve Yak\u0131t Tasarrufu","description":"Arac\u0131n\u0131zda 'a varan g\u00fc\u00e7 art\u0131\u015f\u0131 ve yak\u0131t tasarrufu sa\u011flay\u0131n! Dr. ECU uzmanl\u0131\u011f\u0131yla g\u00fcvenli ve profesyonel ara\u00e7 yaz\u0131l\u0131m\u0131.","robots":{"index":"index","follow":"follow","max-snippet":"max-snippet:-1","max-image-preview":"max-image-preview:large","max-video-preview":"max-video-preview:-1"},"canonical":"https:\/\/sifteri.com.tr\/drecu\/chip-tuning-ecu-tuning\/","og_locale":"tr_TR","og_type":"article","og_title":"Chip Tuning \/ ECU Tuning","og_description":"Arac\u0131n\u0131zda 'a varan g\u00fc\u00e7 art\u0131\u015f\u0131 ve yak\u0131t tasarrufu sa\u011flay\u0131n! Dr. ECU uzmanl\u0131\u011f\u0131yla g\u00fcvenli ve profesyonel ara\u00e7 yaz\u0131l\u0131m\u0131.","og_url":"https:\/\/sifteri.com.tr\/drecu\/chip-tuning-ecu-tuning\/","og_site_name":"DR. ECU","article_publisher":"https:\/\/www.facebook.com\/profile.php?id=61560602957463&ref=PROFILE_EDIT_xav_ig_profile_page_web#","article_modified_time":"2026-03-06T06:24:36+00:00","twitter_card":"summary_large_image","twitter_misc":{"Tahmini okuma s\u00fcresi":"2 dakika"},"schema":{"@context":"https:\/\/schema.org","@graph":[{"@type":"WebPage","@id":"https:\/\/sifteri.com.tr\/drecu\/chip-tuning-ecu-tuning\/","url":"https:\/\/sifteri.com.tr\/drecu\/chip-tuning-ecu-tuning\/","name":"DR. ECU | G\u00fc\u00e7 Art\u0131\u015f\u0131 ve Yak\u0131t Tasarrufu","isPartOf":{"@id":"https:\/\/sifteri.com.tr\/drecu\/#website"},"datePublished":"2026-02-18T06:43:04+00:00","dateModified":"2026-03-06T06:24:36+00:00","description":"Arac\u0131n\u0131zda 'a varan g\u00fc\u00e7 art\u0131\u015f\u0131 ve yak\u0131t tasarrufu sa\u011flay\u0131n! Dr. ECU uzmanl\u0131\u011f\u0131yla g\u00fcvenli ve profesyonel ara\u00e7 yaz\u0131l\u0131m\u0131.","breadcrumb":{"@id":"https:\/\/sifteri.com.tr\/drecu\/chip-tuning-ecu-tuning\/#breadcrumb"},"inLanguage":"tr","potentialAction":[{"@type":"ReadAction","target":["https:\/\/sifteri.com.tr\/drecu\/chip-tuning-ecu-tuning\/"]}]},{"@type":"BreadcrumbList","@id":"https:\/\/sifteri.com.tr\/drecu\/chip-tuning-ecu-tuning\/#breadcrumb","itemListElement":[{"@type":"ListItem","position":1,"name":"Anasayfa","item":"https:\/\/sifteri.com.tr\/drecu\/"},{"@type":"ListItem","position":2,"name":"Chip Tuning \/ ECU Tuning"}]},{"@type":"WebSite","@id":"https:\/\/sifteri.com.tr\/drecu\/#website","url":"https:\/\/sifteri.com.tr\/drecu\/","name":"DR. ECU","description":"T\u00fcrkiyenin en b\u00fcy\u00fck Ecu Yaz\u0131l\u0131m Markas\u0131 \u00c7anakkale&#039;de","publisher":{"@id":"https:\/\/sifteri.com.tr\/drecu\/#organization"},"alternateName":"DR. ECU \u00c7anakkale","potentialAction":[{"@type":"SearchAction","target":{"@type":"EntryPoint","urlTemplate":"https:\/\/sifteri.com.tr\/drecu\/?s={search_term_string}"},"query-input":{"@type":"PropertyValueSpecification","valueRequired":true,"valueName":"search_term_string"}}],"inLanguage":"tr"},{"@type":"Organization","@id":"https:\/\/sifteri.com.tr\/drecu\/#organization","name":"DR. ECU","url":"https:\/\/sifteri.com.tr\/drecu\/","logo":{"@type":"ImageObject","inLanguage":"tr","@id":"https:\/\/sifteri.com.tr\/drecu\/#\/schema\/logo\/image\/","url":"https:\/\/sifteri.com.tr\/drecu\/wp-content\/uploads\/2026\/02\/dr-ecu-logo.png","contentUrl":"https:\/\/sifteri.com.tr\/drecu\/wp-content\/uploads\/2026\/02\/dr-ecu-logo.png","width":1603,"height":222,"caption":"DR. ECU"},"image":{"@id":"https:\/\/sifteri.com.tr\/drecu\/#\/schema\/logo\/image\/"},"sameAs":["https:\/\/www.facebook.com\/profile.php?id=61560602957463&ref=PROFILE_EDIT_xav_ig_profile_page_web#","https:\/\/www.instagram.com\/dr.ecucanakkale\/"]}]}},"_links":{"self":[{"href":"https:\/\/sifteri.com.tr\/drecu\/wp-json\/wp\/v2\/pages\/345","targetHints":{"allow":["GET"]}}],"collection":[{"href":"https:\/\/sifteri.com.tr\/drecu\/wp-json\/wp\/v2\/pages"}],"about":[{"href":"https:\/\/sifteri.com.tr\/drecu\/wp-json\/wp\/v2\/types\/page"}],"author":[{"embeddable":true,"href":"https:\/\/sifteri.com.tr\/drecu\/wp-json\/wp\/v2\/users\/1"}],"replies":[{"embeddable":true,"href":"https:\/\/sifteri.com.tr\/drecu\/wp-json\/wp\/v2\/comments?post=345"}],"version-history":[{"count":1,"href":"https:\/\/sifteri.com.tr\/drecu\/wp-json\/wp\/v2\/pages\/345\/revisions"}],"predecessor-version":[{"id":346,"href":"https:\/\/sifteri.com.tr\/drecu\/wp-json\/wp\/v2\/pages\/345\/revisions\/346"}],"wp:attachment":[{"href":"https:\/\/sifteri.com.tr\/drecu\/wp-json\/wp\/v2\/media?parent=345"}],"curies":[{"name":"wp","href":"https:\/\/api.w.org\/{rel}","templated":true}]}}